{"id":532,"date":"2019-04-23T14:24:23","date_gmt":"2019-04-23T14:24:23","guid":{"rendered":"https:\/\/www.bountydevelops.com\/web\/?page_id=532"},"modified":"2021-03-26T23:30:11","modified_gmt":"2021-03-26T23:30:11","slug":"bounty-develops-3-2","status":"publish","type":"page","link":"https:\/\/www.bountydevelops.com\/web\/bounty-develops-3-2\/","title":{"rendered":"CONT\u00c1CTANOS"},"content":{"rendered":"<div id=\"pl-532\"  class=\"panel-layout\" ><div id=\"pg-532-0\"  class=\"panel-grid panel-has-style\" ><div class=\"siteorigin-panels-stretch panel-row-style-full-width panel-row-style panel-row-style-for-532-0\" data-stretch-type=\"full-stretched\" ><div id=\"pgc-532-0-0\"  class=\"panel-grid-cell\" ><div id=\"panel-532-0-0-0\" class=\"so-panel widget widget_media_image panel-first-child panel-last-child\" data-index=\"0\" ><div class=\"panel-widget-style panel-widget-style-for-532-0-0-0\" ><img width=\"182\" height=\"88\" src=\"https:\/\/www.bountydevelops.com\/web\/wp-content\/uploads\/2019\/03\/Bounty-Develops.png\" class=\"image wp-image-235  attachment-full size-full\" alt=\"\" loading=\"lazy\" style=\"max-width: 100%; height: auto;\" \/><\/div><\/div><\/div><div id=\"pgc-532-0-1\"  class=\"panel-grid-cell panel-grid-cell-empty\" ><\/div><div id=\"pgc-532-0-2\"  class=\"panel-grid-cell\" ><div id=\"panel-532-0-2-0\" class=\"so-panel widget widget_media_image panel-first-child panel-last-child\" data-index=\"1\" ><img width=\"54\" height=\"54\" src=\"https:\/\/www.bountydevelops.com\/web\/wp-content\/uploads\/2017\/06\/flecha.png\" class=\"image wp-image-449  attachment-full size-full\" alt=\"\" loading=\"lazy\" style=\"max-width: 100%; height: auto;\" \/><\/div><\/div><div id=\"pgc-532-0-3\"  class=\"panel-grid-cell\" ><div id=\"panel-532-0-3-0\" class=\"so-panel widget widget_text panel-first-child panel-last-child\" data-index=\"2\" ><div class=\"textocontacto panel-widget-style panel-widget-style-for-532-0-3-0\" ><h3 class=\"widget-title\">\u00bfTienes alguna pregunta?<\/h3>\t\t\t<div class=\"textwidget\"><p>Cont\u00e1ctanos r\u00e1pidamente por cualquier medio<\/p>\n<\/div>\n\t\t<\/div><\/div><\/div><\/div><\/div><div id=\"pg-532-1\"  class=\"panel-grid panel-has-style\" ><div class=\"siteorigin-panels-stretch panel-row-style-full-width panel-row-style panel-row-style-for-532-1\" style=\"background-color: #2d343e; \" data-stretch-type=\"full\" ><div id=\"pgc-532-1-0\"  class=\"panel-grid-cell\" ><div id=\"panel-532-1-0-0\" class=\"so-panel widget widget_sow-headline panel-first-child\" data-index=\"3\" ><div class=\"so-widget-sow-headline so-widget-sow-headline-default-e903c224e7c6-532\"><div class=\"sow-headline-container \">\n\t<h2 class='sow-headline'>CONT\u00c1CTO<\/h2><\/div><\/div><\/div><div id=\"panel-532-1-0-1\" class=\"so-panel widget widget_sow-editor\" data-index=\"4\" ><div class=\"so-widget-sow-editor so-widget-sow-editor-base\">\n<div class=\"siteorigin-widget-tinymce textwidget\">\n\t<p>Bogot\u00e1, Colombia<br \/>\n(57) 3112234955<br \/>\ngerentecol@bountydevelops.com<\/p>\n<p>Madrid, Espa\u00f1a<br \/>\nArturo Soria 245<br \/>\n(34) 602640408<br \/>\ndireccion@bountydevelops.com<\/p>\n<p>&nbsp;<\/p>\n<\/div>\n<\/div><\/div><div id=\"panel-532-1-0-2\" class=\"so-panel widget widget_sow-social-media-buttons panel-last-child\" data-index=\"5\" ><div class=\"so-widget-sow-social-media-buttons so-widget-sow-social-media-buttons-wire-7fb00acbc9f7-532\">\n\n<div class=\"social-media-button-container\">\n\t\n\t\t<a class=\"ow-button-hover sow-social-media-button-facebook-0 sow-social-media-button\" title=\"BOUNTY DEVELOPS S.L en Facebook\" aria-label=\"BOUNTY DEVELOPS S.L en Facebook\" target=\"_blank\" rel=\"noopener noreferrer\" >\n\t\t\t<span>\n\t\t\t\t\t\t\t\t<span class=\"sow-icon-fontawesome sow-fab\" data-sow-icon=\"&#xf39e;\"\n\t\t ><\/span>\t\t\t\t\t\t\t<\/span>\n\t\t<\/a>\n\t\n\t\t<a class=\"ow-button-hover sow-social-media-button-twitter-0 sow-social-media-button\" title=\"BOUNTY DEVELOPS S.L en Twitter\" aria-label=\"BOUNTY DEVELOPS S.L en Twitter\" target=\"_blank\" rel=\"noopener noreferrer\" >\n\t\t\t<span>\n\t\t\t\t\t\t\t\t<span class=\"sow-icon-fontawesome sow-fab\" data-sow-icon=\"&#xf099;\"\n\t\t ><\/span>\t\t\t\t\t\t\t<\/span>\n\t\t<\/a>\n\t\n\t\t<a class=\"ow-button-hover sow-social-media-button--0 sow-social-media-button\" title=\"BOUNTY DEVELOPS S.L en \" aria-label=\"BOUNTY DEVELOPS S.L en \" target=\"_blank\" rel=\"noopener noreferrer\" >\n\t\t\t<span>\n\t\t\t\t\t\t\t\t\t\t\t\t\t\t\t<\/span>\n\t\t<\/a>\n\t\n\t\t<a class=\"ow-button-hover sow-social-media-button-instagram-0 sow-social-media-button\" title=\"BOUNTY DEVELOPS S.L en Instagram\" aria-label=\"BOUNTY DEVELOPS S.L en Instagram\" target=\"_blank\" rel=\"noopener noreferrer\" >\n\t\t\t<span>\n\t\t\t\t\t\t\t\t<span class=\"sow-icon-fontawesome sow-fab\" data-sow-icon=\"&#xf16d;\"\n\t\t ><\/span>\t\t\t\t\t\t\t<\/span>\n\t\t<\/a>\n\t<\/div>\n<\/div><\/div><\/div><div id=\"pgc-532-1-1\"  class=\"panel-grid-cell\" ><div id=\"panel-532-1-1-0\" class=\"so-panel widget widget_sow-headline panel-first-child\" data-index=\"6\" ><div class=\"so-widget-sow-headline so-widget-sow-headline-default-e903c224e7c6-532\"><div class=\"sow-headline-container \">\n\t<h2 class='sow-headline'>ENV\u00cdANOS UN MENSAJE<\/h2><\/div><\/div><\/div><div id=\"panel-532-1-1-1\" class=\"so-panel widget widget_sow-contact-form panel-last-child\" data-index=\"7\" ><div class=\"so-widget-sow-contact-form so-widget-sow-contact-form-default-e036ec626dad-532\">\t<form action=\"#contact-form-08d3\"\n          method=\"POST\" class=\"sow-contact-form\" id=\"contact-form-08d3\">\n\n\t\t\n\t\t            <div class=\"sow-form-field sow-form-field-name\"><label class=\"sow-form-field-label-above\" for=\"sow-contact-form-field-nombre-562e5fae0271d\">\n\t\t\t\t<strong>\n\t\t\t\t\tNombre\t\t\t\t\t\t\t\t\t<\/strong>\n\t\t\t<\/label>\n\t\t\t<span class=\"sow-field-container\">\t\t<input type=\"text\" name=\"nombre-562e5fae0271d\" id=\"sow-contact-form-field-nombre-562e5fae0271d\" value=\"\" class=\"sow-text-field\"\/>\n\t\t<\/span><\/div>            <div class=\"sow-form-field sow-form-field-email\"><label class=\"sow-form-field-label-above\" for=\"sow-contact-form-field-email-562e5fae0271d\">\n\t\t\t\t<strong>\n\t\t\t\t\tEmail\t\t\t\t\t\t\t\t\t<\/strong>\n\t\t\t<\/label>\n\t\t\t<span class=\"sow-field-container\">\t\t<input type=\"email\" name=\"email-562e5fae0271d\" id=\"sow-contact-form-field-email-562e5fae0271d\" value=\"\" class=\"sow-text-field\"\/>\n\t\t<\/span><\/div>            <div class=\"sow-form-field sow-form-field-textarea\"><label class=\"sow-form-field-label-above\" for=\"sow-contact-form-field-mensaje-562e5fae0271d\">\n\t\t\t\t<strong>\n\t\t\t\t\tMensaje\t\t\t\t\t\t\t\t\t<\/strong>\n\t\t\t<\/label>\n\t\t\t<span class=\"sow-field-container\">\t\t<textarea name=\"mensaje-562e5fae0271d\" id=\"sow-contact-form-field-mensaje-562e5fae0271d\" rows=\"10\"><\/textarea>\n\t\t<\/span><\/div>\t\t<input type=\"hidden\" name=\"instance_hash\" value=\"08d3532f31c63acac792bcfc849105cd\" \/>\n\t\t<input type=\"hidden\" id=\"_wpnonce\" name=\"_wpnonce\" value=\"4a4766dd71\" \/><input type=\"hidden\" name=\"_wp_http_referer\" value=\"\/web\/wp-json\/wp\/v2\/pages\/532\" \/>\n\t\t\n\t\t<div class=\"sow-submit-wrapper sow-submit-styled\">\n\t\t\t<input type=\"submit\" value=\"Contact Us\" class=\"sow-submit\"\n\t\t\t\t   \t\t\t>\n\t\t<\/div>\n\t<\/form>\n\t<\/div><\/div><\/div><\/div><\/div><\/div>","protected":false},"excerpt":{"rendered":"<p>Cont\u00e1ctanos r\u00e1pidamente por cualquier medio Bogot\u00e1, Colombia (57) 3112234955 gerentecol@bountydevelops.com Madrid, Espa\u00f1a Arturo Soria 245 (34) 602640408 direccion@bountydevelops.com &nbsp;<\/p>\n","protected":false},"author":1,"featured_media":0,"parent":0,"menu_order":0,"comment_status":"closed","ping_status":"closed","template":"templates\/template-full-notitle.php","meta":[],"_links":{"self":[{"href":"https:\/\/www.bountydevelops.com\/web\/wp-json\/wp\/v2\/pages\/532"}],"collection":[{"href":"https:\/\/www.bountydevelops.com\/web\/wp-json\/wp\/v2\/pages"}],"about":[{"href":"https:\/\/www.bountydevelops.com\/web\/wp-json\/wp\/v2\/types\/page"}],"author":[{"embeddable":true,"href":"https:\/\/www.bountydevelops.com\/web\/wp-json\/wp\/v2\/users\/1"}],"replies":[{"embeddable":true,"href":"https:\/\/www.bountydevelops.com\/web\/wp-json\/wp\/v2\/comments?post=532"}],"version-history":[{"count":9,"href":"https:\/\/www.bountydevelops.com\/web\/wp-json\/wp\/v2\/pages\/532\/revisions"}],"predecessor-version":[{"id":735,"href":"https:\/\/www.bountydevelops.com\/web\/wp-json\/wp\/v2\/pages\/532\/revisions\/735"}],"wp:attachment":[{"href":"https:\/\/www.bountydevelops.com\/web\/wp-json\/wp\/v2\/media?parent=532"}],"curies":[{"name":"wp","href":"https:\/\/api.w.org\/{rel}","templated":true}]}}